/(-455))?
1
Suppose -8073 = -25*l - 14*l. What is the tens digit of l?
0
Let u(d) = -52*d**3 + 4*d**2 - 10*d - 54. What is the units digit of u(-5)?
6
Let a = 1033 - 708. Let t = a + -282. What is the units digit of t?
3
Suppose 2*v - 6527 = -2*i - 1377, -2 = i. What is the hundreds digit of v?
5
Let j = 258 - 258. Suppose j*h - 2*h = -1360. What is the tens digit of h?
8
Let r(g) = -20*g - 39. Let z = -128 - -117. What is the tens digit of r(z)?
8
Suppose 5*r = 9*r - 20. Suppose -5*g - 225 = -2*w + 206, 3*w + r*g - 609 = 0. What is the hundreds digit of w?
2
Let a(x) = -318*x + 1404. What is the units digit of a(-7)?
0
Suppose j = 105*g - 110*g + 6557, j = 3*g + 6533. What is the units digit of j?
2
Let l = 938 - 564. Suppose 24*w + l - 7694 = 0. What is the units digit of w?
5
Let a = 547 + 2772. What is the hundreds digit of a?
3
Suppose 1740898 = -540*d + 583*d. What is the tens digit of d?
8
Let g(v) be the third derivative of -7*v**6/120 + 7*v**5/60 - v**4/4 + v**2. Let j be g(4). Let d = -244 - j. What is the hundreds digit of d?
1
Let n(l) be the third derivative of l**4/3 + 7*l**3/3 + 7*l**2. Let d be n(-2). Let f(m) = -10*m**3 - m**2 + m. What is the units digit of f(d)?
4
Let j(l) = l**2 - 11*l + 19. Suppose -5*s - 27 = -8*s. Let f be j(s). Let z(t) = 19*t**2 + t - 1. What is the tens digit of z(f)?
1
Suppose 3*t + p - 1154 - 1926 = 0, -p + 2052 = 2*t. Suppose -3*k + x + 2227 = -877, -2*x = -k + t. What is the thousands digit of k?
1
Let m = 46 - 47. What is the tens digit of (2 - (-3)/m)*(-597 - 97)?
9
Suppose -97 + 505 = 51*y. What is the units digit of 374*((-90)/12 + y)?
7
Let m(d) = d - 14. Let x be m(10). Let b be 11/(-4) + ((-85)/20 - x). What is the tens digit of b/2*2620/(-30)?
3
Let j be -2*(2 + 20/(-5)) - 0. Suppose 31 = k + 2*x - 39, 5*k = j*x + 406. What is the units digit of k?
8
Let y(w) = -w**3 - 15*w**2 + 35*w - 27. Let i be y(-18). What is the hundreds digit of (1*i)/(-5*11/(-110))?
6
Let j = 139 - -29. Let w be (5 - 2)/((-7)/j). Let h = 101 + w. What is the units digit of h?
9
Let o = 624 - 428. What is the tens digit of (-3 - -7) + (5 + o - -5)?
1
Let s(o) = -o**2 - 252*o + 25. What is the hundreds digit of s(-88)?
4
Let c(l) = 1522*l**3 + 5*l**2 + 16*l - 42. What is the ten thousands digit of c(2)?
1
Let m(n) be the first derivative of -7*n**4/4 - 5*n**3/6 - 3*n**2 - 11. Let h(o) be the second derivative of m(o). What is the tens digit of h(-2)?
7
Let j = 79027 + -16864. What is the units digit of j?
3
Let u(l) = -7*l + 14. Let d(p) = -56 + p**2 - 20 + 40 - 27*p. Let y be d(28). What is the tens digit of u(y)?
7
Suppose -7*y - 11*y - 105368 = -367682. What is the thousands digit of y?
4
What is the thousands digit of (-3)/1 + (1 - (-11975)/5) + -5?
2
Suppose 2*c - 82 = 4*o, 8*c - 5*o = 7*c + 44. Suppose 0 = -c*d + 44787 + 12855. What is the units digit of d?
8
Suppose -187 - 137 = 18*f. What is the tens digit of 32*((-639)/f - 1)?
0
Suppose 238*u - 85996 - 1840138 = 0. What is the hundreds digit of u?
0
Let p(j) = 2*j**3 - 6*j**2 - 3*j + 16. Let k be p(3). Suppose k*x = 2*x, 4*o = -3*x + 352. What is the tens digit of o?
8
Suppose 179*s + 358706 - 5408117 = 0. What is the thousands digit of s?
8
Suppose -2*g = -16 - 2. Suppose 0 = 16*o - 13*o + g. What is the tens digit of -1 + ((-309)/o - -4)?
0
Suppose -7*u - 727 = -2*u + b, 8 = -4*b. Let g = u + 337. What is the hundreds digit of g?
1
Let m(k) = -23*k - 334. Let o be m(-14). Let a(v) be the third derivative of -5*v**4/24 + 31*v**3/6 + 2*v**2. What is the units digit of a(o)?
1
Suppose -4262 = -35*o + 25208. What is the units digit of o?
2
Suppose 6*t - 19*t + 116220 = 7*t. What is the thousands digit of t?
5
Let b be 11 - (6/(-8) - 1/4). Suppose a = -3*a - b. What is the tens digit of ((-78)/4)/(a/6)?
3
Suppose 2*i + 385 = 3*i - j, -1155 = -3*i - 5*j. Suppose -r + z + i = 2*z, -4*r = -5*z - 1567. What is the tens digit of r?
8
Let q be (-9189 - (-24)/(-8))/(-2). Suppose 5*k = 5*l - 5084 - q, 5*l = -2*k + 9701. What is the thousands digit of l?
1
What is the ten thousands digit of ((5 - 31303) + 6)*6/(-18 - -6)?
1
Let k be ((-20)/(-12))/((-45)/(-27)). What is the hundreds digit of (k - -10)/((4 - -7)/374)?
3
Let c(d) = -1546*d - 5969. What is the hundreds digit of c(-5)?
7
Suppose 0 = 52*q - 19313 - 2154 - 42805. What is the tens digit of q?
3
Let b be (-240)/70*1/(8/(-84)). Suppose -4*u = 3*w - 2617, -5*u - b*w + 3272 = -32*w. What is the hundreds digit of u?
6
Suppose 2*z = z + 5*y - 17, -2*y = -4*z + 22. Let a be 3 + 11/4 + (-6)/z. Suppose -a*k - 8*k = -1820. What is the tens digit of k?
4
Let l(f) = -11*f**3 - 51*f**2 - 63*f - 164. What is the hundreds digit of l(-16)?
8
Let i(y) = -78*y + 27. Let p be i(-7). Suppose 5*l + p = 53. Let n = -22 - l. What is the tens digit of n?
8
Let v = -2003 - -1184. What is the tens digit of 0/(-7) + v/(-3)?
7
Let g be ((-38)/(-42) - (-44)/462) + 380. Let k = g + 497. What is the tens digit of k?
7
Let q(l) be the third derivative of l**5/60 + l**4/24 + 43*l**3/2 + l**2 - 26. Let f = 21 + -21. What is the units digit of q(f)?
9
Let l(n) = -34*n**3 + n**2 - 28*n + 58. What is the hundreds digit of l(-9)?
1
Suppose -80*a + 76*a + 24 = 0. Let c(i) = 2*i**3 - 7*i**2 + 8*i + 7. What is the tens digit of c(a)?
3
What is the ten thousands digit of 96444*(2 - 33/22)?
4
Let h(r) = 1328*r**2 + 16*r + 36. What is the tens digit of h(-2)?
1
Let r(x) = -x + x**2 + 151 + 0*x**2 + 26. What is the tens digit of r(0)?
7
Suppose 4*i + 57 = 8*i - 3*m, 4*i - 63 = 5*m. Suppose i*o - 96 = 276. What is the tens digit of o?
3
Let s(z) = -213*z**3 - 14*z**2 + 9*z + 114. What is the ten thousands digit of s(-5)?
2
Let x(c) = 30*c**2 - 28*c + 609. What is the thousands digit of x(17)?
8
Let m(s) = 3*s**2 - 11*s + 15. Let o be m(6). Suppose -o = -3*g - 30. What is the units digit of (-4332)/(-54) + (-2)/g?
0
Let h = 30340 + -9519. What is the hundreds digit of h?
8
Let w(s) = 86*s**2 - 34*s - 10. What is the hundreds digit of w(-4)?
5
Let d(x) = 71*x - 96. Let z be d(7). Let v(b) = 38*b**2 + 2*b + 3. Let u be v(-4). Let q = u - z. What is the tens digit of q?
0
Suppose -6*d + 15 = -d. Let m(s) = 1 - d - 3 - 2*s + 10. What is the tens digit of m(-6)?
1
Suppose 113 = 7*c - 202. Suppose -2121 = 38*i - c*i. What is the tens digit of i?
0
Suppose d = -3*c + 10411, -19682 - 21977 = -4*d + 3*c. What is the thousands digit of d?
0
Let a = -22 + 25. Suppose -409 = -a*y + 482. What is the units digit of y?
7
Let f = -50935 - -73700. What is the hundreds digit of f?
7
Let y = -637 + 544. Let b = 262 + y. What is the units digit of b?
9
What is the units digit of (-14)/560*8*-197590?
8
Let s(b) = -2*b**3 - 51*b**2 + 42*b - 27. What is the tens digit of s(-36)?
7
Suppose 2*m = d - 30367, -4*d - 911*m + 121420 = -907*m. What is the tens digit of d?
5
Let w(h) = -2*h + 27. Let d be w(11). Let s be (2/6)/(d/60). Suppose -247 = -s*o + 169. What is the tens digit of o?
0
Suppose 0 = 5*a, 0 = 2*k + 3*k - 3*a - 22280. Suppose 0 = -21*h + 17*h + k. What is the thousands digit of h?
1
Let v = 150541 + -94042. What is the hundreds digit of v?
4
Suppose -4*b - 80 + 220 = 0. Suppose 5*o - 7*n + 3*n = 53, 0 = -5*o - 5*n + b. Suppose l = -3*l + r + 307, 3*r + o = 0. What is the tens digit of l?
7
Suppose q - 975 = -5*k, -3*q = 14*k - 15*k + 195. Let r = 260 - k. What is the tens digit of r?
6
Suppose 360 = 12*a - 7*a. Suppose a*k = 76*k - 20. Suppose -k*w + 1938 = 513. What is the hundreds digit of w?
2
Let x = -34 + 38. Let m be x + 0 - (-1 - -5). Suppose v = -m*d + 2*d - 173, 2*d + 4*v = 168. What is the units digit of d?
6
What is the hundreds digit of (-1)/2*0 + 61900/(20 - -5)?
4
Let z(p) = 2575*p + 217. What is the thousands digit of z(19)?
9
Let u(m) = -9*m + 76. Let w be u(8). Suppose -3*c - 8 = w, -5*n - 4*c + 1874 = 0. What is the units digit of n?
8
Let c be (-3494 - -1)*(-30)/105. What is the units digit of (1 - 2)*c*(-5)/10?
9
Let t = 3263 + -2424. What is the hundreds digit of t?
8
Let n(c) = -2480*c**3 + 31*c**2 + 68*c + 8. What is the tens digit of n(-2)?
3
Let u be 18 - (84/14 - -8). Suppose 1005 = 2*s + 3*s. Suppose -u*o + s = -o. What is the tens digit of o?
6
Let g be (50/(-20))/(3/(-6)). Suppose 110 = g*p - p + 5*w, 56 = 2*p + 2*w. What is the units 